-m + 9. Let y be z(9). Suppose -3*v + 6 + 627 = y. Is v a prime number?
True
Let s be 831 + 0 + -2 + (-3 - -3). Suppose s - 4531 = -2*i. Is i a composite number?
True
Let l = 597 + -440. Is l composite?
False
Let j = 182 - -113. Suppose -3*w + 4*w = 2*q + 8, 5*w + 5*q = 10. Suppose -4*z + 6*z = -2*d + 120, w*d - j = -5*z. Is z prime?
False
Suppose 0 = -7*m + 4*m + 273. Let l be (1/(-3) - 1)/(6/198). Let p = m + l. Is p a composite number?
False
Let m = 9 + -4. Let v be -2*3/(12/(-10)). Suppose -b + 43 = -m*y, 82 = 5*b + v*y - 73. Is b composite?
True
Suppose 0 = 4*l - i - 2333, 5*i + 397 = -3*l + 2141. Is l a prime number?
False
Let i(n) = -n**3 - n**2 - n + 2. Let u be i(2). Let g be -10*(-3)/u*-2. Is (-2)/4*(g - 579) prime?
False
Suppose 4*f - 36 = -4*o, -3*o - 4 - 5 = -3*f. Let p be 263/2 + (-9)/f. Let s = p - 43. Is s composite?
True
Suppose x = -1, -4*a + x + 3*x = -64. Let s be (2/(-5))/(3/a). Is -46*(1/s)/1 a prime number?
True
Suppose w = -5*z - 1 + 26, w - 15 = 5*z. Let h = -20 - w. Let r = h - -74. Is r composite?
True
Let q(m) = -1983*m - 4. Let a(p) = p**2 - 5*p + 3. Let c be a(1). Is q(c) a composite number?
False
Suppose 4*v = -5*j - 128, -49*j = v - 46*j + 32. Let g(i) = 39*i + 3. Let c be g(-3). Let n = v - c. Is n prime?
False
Let a(i) = -i - 395. Let x be a(0). Let r(p) = 6*p - 104. Let n be r(19). Is x/2*(-12)/n a prime number?
False
Suppose -2*p + 5*i = -5, 2*p = 3*i - 7*i - 4. Suppose -2*w = -5*v - 3*w + 5248, p = -3*v + 5*w + 3132. Is v a prime number?
True
Let t = 489 + -37. Let o = 2726 - t. Is ((-2)/(-3))/(4/o) a composite number?
False
Is -8657*((-2)/(-12) - 189/162) composite?
True
Let w be -1 + 3 + 263 + 2. Suppose 5*t = 1088 + w. Is t prime?
True
Let c = 1019 - 420. Suppose -c + 4 = -7*y. Is y prime?
False
Suppose -2*t + 1904 = -2*u, -2*u - 951 = -3*t + 2*t. Is t prime?
True
Suppose z + 18 = -3*h, -z = 5*h - 0*z + 28. Let c(a) = -3*a**3 + 2*a**2 - 12. Is c(h) composite?
True
Suppose 0 = 3*x + x + 5*y - 2995, -5*y - 5 = 0. Let d = x + -419. Is d a prime number?
True
Let j = 4293 + -2942. Suppose 3*g - j = -u, -4 = u + u. Is g prime?
False
Is 12/6*1/(-8)*-87196 a prime number?
True
Suppose 95*d = -3313 + 85488. Is d a composite number?
True
Let m(f) = -5*f**2 + 3*f - 5. Let n(i) = i**2 + 11*i - 10. Let l be n(-12). Let s be m(l). Is s*(-4 + 3/1) a prime number?
True
Let j(f) = -f**3 + 23*f**2 + 10*f - 25. Let z be j(16). Is 0 + 2 + 2 + z a composite number?
False
Let y(z) be the second derivative of -2*z**5/5 - z**4/3 + z**3/6 + 3*z**2/2 - 5*z. Let w be y(4). Is w/(-4) + (-2)/8 a prime number?
False
Suppose 2*v + 20 = 7*v. Suppose s - v*m = 2353, 2*s - 2*m - 1207 = 3469. Is s prime?
True
Suppose -131459 = 59*s - 736740. Is s prime?
True
Is (1 + 10/(-6))/((-34)/2120223) prime?
False
Let p be -3 + 8 + -4 - -1*671. Let h = p + -299. Is h prime?
True
Let s = 7540 - 1785. Is s a prime number?
False
Let n(t) = -3 - 2*t + 3 - 7. Let w be n(-6). Suppose -29 = -w*y - 3*f + 363, 0 = f + 1. Is y a prime number?
True
Let i(q) = -33*q**3 + 18*q**2 + 9*q + 25. Is i(-9) composite?
True
Let w = -27 + 28. Let r(j) = -j - 13 + 8 - w. Is r(-10) composite?
True
Let o(l) = l - 2. Let m(t) = t**2 - 11. Let x(y) = m(y) - 6*o(y). Let f be (-1 - 10/(-6))*-15. Is x(f) prime?
False
Is (-13 - (7 + -14)) + 5 - -5738 prime?
True
Is (1 + (-3)/2)*(-1 + -5553) prime?
True
Let l(k) be the second derivative of k**5/20 + 5*k**4/12 + 2*k**3/3 - 5*k. Let s be l(-4). Is ((-108)/(-3) - s) + -2 a prime number?
False
Let t be ((-8)/(-10))/((-42)/(-55335)). Let y = t - 725. Is y composite?
True
Let s = 1915 - 1097. Is s a prime number?
False
Let d be (-1 - 12/(-9))*489. Suppose -d - 139 = -2*k. Is 0 + k + 4/(-2) composite?
False
Let c(d) = -d**3 - 5*d**2 - 9*d - 3. Let f(w) = -4*w + 2*w - 2 + 4*w. Let s be f(-4). Is c(s) prime?
True
Let p = 198 + -121. Let y be 2/(-7) + (-151822)/p. Is y/(-36) - (-6)/27 composite?
True
Let q(k) be the third derivative of k**5/20 + k**4/4 + k**3/6 + 10*k**2. Is q(10) composite?
True
Let r(f) = -3*f + 2*f + 0*f + 1. Let j be r(-1). Is j/(-9) - 81110/(-90) composite?
True
Let v = 79 - -17. Suppose 2*o - v - 882 = 0. Is o a prime number?
False
Suppose -9*b + 1754 + 1945 = 0. Suppose -86 - b = -g. Is g a composite number?
True
Is (-3 - 1*-15309) + (1 - 0) prime?
True
Suppose 9*h - 13*h + 59288 = 0. Is h a prime number?
False
Let y = 1880 + 79. Is y a prime number?
False
Let r(x) = x**2 - 5*x + 3. Let m(w) = 2*w**2 - 9*w + 6. Let f(p) = 3*m(p) - 5*r(p). Is f(-20) composite?
False
Let w(c) = c - 1. Let p be w(-9). Let s = p + 5. Is (121/3)/(s/(-15)) prime?
False
Suppose 51*f + 796815 = 96*f. Is f a composite number?
False
Suppose -3*w - 279 = -783. Suppose 7*l - 49 - w = 0. Is l prime?
True
Suppose v = -0*v + 276. Let l be 2/(-7) + ((-370)/(-7))/10. Suppose -y - v = -l*y. Is y composite?
True
Let i(h) = 52*h**3 - 2*h**2 + h. Let l be i(1). Let t = -37 + l. Is t prime?
False
Let m = -588 + 1390. Suppose 4*q - 502 = m. Is q composite?
True
Let g = -1290 - -1937. Is g a prime number?
True
Suppose -3*a = 2*a + 5. Let h(y) = 10*y + 2. Let d be h(a). Is (207 - 1) + d + 5 composite?
True
Is 1 + 2930 - (148 - 156) prime?
True
Let z be ((-721)/(-7))/((-1)/(-3)). Let x = z + -432. Let h = x - -197. Is h a prime number?
False
Suppose 3*r = -0*u - 5*u - 4, -5*r = 4*u - 2. Suppose 2*q + 3*n = 254, 5*n - 635 = -5*q + r*n. Is q prime?
True
Let y be (4 + -13)/(3/(-2)). Let t(q) = 156*q - 25. Is t(y) a prime number?
True
Suppose -3*j + 6*j - 9418 = -2*v, -5*v - j + 23519 = 0. Is v composite?
False
Suppose 0 = b - 5*n + 50, -8*b + 4*b = -5*n + 215. Is 11/b - (0 - (-18472)/(-10)) composite?
False
Let p(w) = 4*w - 6. Let s be p(6). Suppose t = -3*m + 323, -4*m - 3*t = 2*t - 438. Let o = m - s. Is o a prime number?
True
Let k(n) = -28*n + 11. Let p be k(-4). Suppose j - p = 242. Is j composite?
True
Suppose -16 = -n - 5*y + 87, 0 = 2*n + 3*y - 234. Suppose 6*t - 7*t = -n. Is t composite?
True
Let w(s) = 197*s**3 - 5*s**2 + 4*s - 5. Is w(4) a composite number?
False
Let a be 2 - (-2 - 1/(-1)). Let q be (-39)/130 + 115/50. Suppose a*l - 2245 = -q*l. Is l composite?
False
Let u(l) = -10 - 4 + 2*l + 6. Let s be u(6). Is -267*(-3)/(36/s) composite?
False
Let p(s) = 1604*s**2 - 37*s + 147. Is p(4) a composite number?
True
Let h be (-223)/(-1)*25/(-15)*-15. Suppose -17*w = -22*w + h. Is w a prime number?
False
Let k = 80 - 44. Let v be (-9)/(k/(-8)) + -2. Suppose v = -2*p - 2*t + 5*t + 151, 5*t + 228 = 3*p. Is p prime?
True
Let i(w) = -187*w - 32. Let x be i(-11). Suppose 2*y - 3403 = -5*p, -3*p + 0*p + x = -3*y. Is p prime?
False
Let r = 2907 + 142. Is r a composite number?
False
Let r(o) = 177*o - 13. Let y(x) = 885*x - 66. Let i = -36 - -25. Let n(f) = i*r(f) + 2*y(f). Is n(-10) a prime number?
False
Suppose 0 = 9*s - 1835 - 5680. Is s prime?
False
Suppose 0 = -4*b + 2*w + 8, -b - 3*w + 0 + 16 = 0. Let q = -23 - -287. Suppose b*a - 318 - 198 = 4*x, 5*x + q = 2*a. Is a a prime number?
True
Let r = -471 - -333. Let b = r + 195. Is b composite?
True
Let a be 24/32 + (-10)/(-8). Suppose -2*x + 3*u + 2*u + 2288 = 0, a*x = -u + 2300. Is x a prime number?
False
Let v be (-8 - -10) + 2*253/2. Suppose 2*o + 304 = -2*o. Let k = v - o. Is k a composite number?
False
Let j(a) = 5774*a**2 + 15*a - 21. Is j(2) prime?
False
Let k(m) = -4*m**2 + 3*m + 3. Let a be k(2). Let x = 292 - a. Is x a prime number?
False
Let n(p) = -22*p**3 - 6*p**2 + 5*p - 4. Let y be n(6). Let z = y + 6933. Suppose -g - g - 10 = 0, -g + z = 4*i. Is i a composite number?
False
Is (-15)/5*(-5)/30*10606 composite?
False
Suppose -2*o + 2674 = 3*w, -5*w + 6822 = 5*o + 137. Is o a composite number?
True
Is 316/(-2)*(-19230)/60 composite?
True
Suppose 3*o + 425 = 7*o - 5*c, 5 = -5*c. Suppose -v + 18 = v + 4*n, o = 5*v - 5*n. Suppose 16*i - v*i = -259. Is i composite?
True
Let i(d) = -d**2 - 5*d - 10. Let p be i(0). Let u(f) = -59*f - 37. Is u(p) prime?
False
Suppose j + 6 - 10 = 0, -w = -3*j - 17. Let s(a) = -a**3 + 30*a**2 - 20*a - 46. Is s(w) prime?
False
Let j(t) = 11*t - 17 + 51*t**2 - 27*t**2 - 23*t**2. Is j(-18) a prime number?
True
Suppose 0 = -19*k + 18*k - 4*l + 6499, 4*k + 4*l = 26008. Is k a composite number?
True
Let q(s) = s**3 - 7*s**2 + 3*s + 5. Let u(a) = 5*a**2. Let v be u(1). Let 